 = 6*f. Is (-6 + 13/f)/((-1)/(-2122)) prime?
True
Suppose -7*j - 20 = -12*j. Suppose 7765 = j*h + h. Is h prime?
True
Suppose 8*g = -19*g + 236277. Is g a prime number?
False
Let m(u) = 128*u + 1. Suppose 0 = -h + 3, t - 6*h + 7 = -3*h. Is m(t) composite?
False
Suppose -p = -10*p + 18891. Is p a prime number?
True
Suppose 0 = -3*c + 40302 + 54339. Is c prime?
True
Suppose -141 - 169 = 5*y. Is ((-15)/6)/5*y prime?
True
Suppose 2*p = -94 - 8. Let f = p - 15. Let m = f - -112. Is m a composite number?
True
Suppose -1131 = -3*z + 4*z. Let i = 1886 + z. Is i a composite number?
True
Suppose 0 = -i - 5*g - 288 + 881, -3*i + 3*g = -1815. Suppose 3*b + 3*u - i = 0, -4*b + 558 = -5*u - 264. Is b composite?
True
Let t(q) be the third derivative of 583*q**6/30 + q**4/12 - q**3/6 + 40*q**2. Is t(1) composite?
False
Suppose 14 = 4*s + 2. Suppose 316 = -0*m - m. Let d = s - m. Is d a prime number?
False
Suppose 57*k - 3242758 = 982253. Is k prime?
False
Suppose -s - 2*s + 12 = 0, -104 = 3*z + 4*s. Let b = z + 459. Is b a prime number?
True
Let l = -45872 + 96369. Is l composite?
False
Let q(y) = 918*y**3 - 8*y**2 + 13*y - 17. Is q(4) prime?
False
Let a = 628 - 256. Let o = 681 - a. Is o composite?
True
Suppose -s + 2*s - 5 = -5*j, -3*j - 5*s + 3 = 0. Suppose -2*a - 5 = -j. Is 0 + 255 + (a - 2) prime?
True
Let r(y) be the first derivative of y**3/3 - y**2 - 4*y - 11. Let s be r(-2). Suppose 5*m + 5*w = 2020, m - s*w - 133 - 296 = 0. Is m prime?
True
Is ((-2)/12*4413)/((-3)/6) prime?
True
Let o = 276 - -986. Is o composite?
True
Let j(x) = x**3 - 14*x**2 + 9*x + 1. Let o(l) be the second derivative of l**5/10 - l**3/3 + l**2 - l. Let k be o(2). Is j(k) a composite number?
False
Let y be ((-6)/(-10))/3 + 24/(-20). Is ((800 - 3) + 0)*(2 + y) a composite number?
False
Let s = -6320 + 9470. Suppose h - s = -5*k, k + 5*h - 498 - 108 = 0. Is k composite?
False
Let t be 48/27 - (-4)/18. Suppose 3*v = t*v. Suppose v*d + 5*d = 635. Is d composite?
False
Let x(m) be the first derivative of -43*m**2/2 - 8*m - 5. Let y be x(-9). Suppose 184 = l - 5*u - y, 0 = -3*l + 3*u + 1737. Is l a prime number?
False
Let m(a) = -56*a**3 - 5*a**2 + 8*a + 19. Is m(-4) composite?
False
Suppose 11*f - 16*f = 0. Suppose -4*v + 179 + 1049 = f. Is v a prime number?
True
Suppose 5*i + 3*h - 58 = 0, -2*h = 2*i - i - 6. Is 8/14 - (-11682)/i a composite number?
True
Let c(p) = -3*p**3 - 12*p**2 - 8*p + 8. Let g be c(-8). Suppose -2*n - 3*o = -1694, -n = -o - 17 - g. Is n prime?
True
Let j(i) = 6307*i + 165. Is j(14) composite?
False
Let j be -4 - (-1)/((-4)/8). Let i(q) = 24*q + 9. Let a be i(j). Let w = a + 218. Is w a prime number?
True
Let b(o) = 35*o**3 + 2*o**2 + 2*o. Let i(t) = -105*t**3 - 7*t**2 - 5*t - 1. Let d(y) = -8*b(y) - 3*i(y). Is d(4) a prime number?
False
Is 1/(-2) - 13308969/(-246) prime?
True
Let k be (52/6 - -2)/((-36)/(-54)). Is 24150/8 - 1*(-4)/k a composite number?
False
Suppose -132 = -10*k + 48. Suppose -k*m + 9*m = -4221. Is m a composite number?
True
Suppose -5*w + 13 + 2 = 0. Suppose 0 = w*g + 2*g - 100. Is (-12)/(-8)*2 + g prime?
True
Suppose 2*w = -10, 5 = 4*m + w - 2. Suppose -89 = -5*f - m*g + 6*g, -32 = -2*f + 3*g. Is f a composite number?
False
Suppose 23*a - 25*a = -20. Let v = 12 - a. Suppose -v*r = 3*r - 575. Is r prime?
False
Let d be ((-8)/(-10))/((-7)/(-70)). Let m(u) = u**3 - 5*u**2 - 4*u - 2. Is m(d) a prime number?
False
Suppose -23*m - 32088 = -161417. Is m a prime number?
True
Suppose 11*s + 11*s = 194898. Is s prime?
False
Is (-22 - -221)/(0 + 1) prime?
True
Is 2/((-6)/21) - -510 a prime number?
True
Suppose -4*n + 3*u + 4 = 0, -3*n - 4*u + 32 = u. Suppose b - 339 = n*b. Let v = -36 - b. Is v a composite number?
True
Suppose 0 = 5*z, 7*b + 6 = 5*b + z. Let u(s) = -25*s**3 - s**2 + s - 1. Is u(b) prime?
False
Let f = 2048 - 537. Is f a composite number?
False
Let s(u) = 12*u**2 - 21*u + 4. Is s(21) a composite number?
True
Let f(m) = 193*m - 34. Let b be f(14). Suppose -4*l + 5728 + b = 0. Is l a composite number?
False
Let j(o) = 8*o**2 + 5*o + 7 - 9*o + 4*o. Is j(-3) a prime number?
True
Suppose -232 = d + s - 648, 0 = 3*d - 4*s - 1241. Is d a composite number?
True
Let d = 10356 - -791. Is d a composite number?
True
Suppose 1 = -q + 3. Suppose -211 + 63 = -q*c. Suppose 6*s - c = 4*s. Is s a composite number?
False
Let n = 294 - -1363. Is n composite?
False
Let n = -26 + 31. Suppose -3 = n*j + 22, -w - 4*j = -26. Is w a prime number?
False
Suppose 32 = 3*f - 7*f - 5*o, -11 = 5*f - o. Let y be (f*5)/(3/2). Let u = y + 17. Is u prime?
True
Is (4/12)/((20/3972)/5) composite?
False
Is (1114/(-2))/((-4)/(-7 + 123)) a prime number?
False
Suppose 0 = 3*n - 9, -2*z + 42 = -5*z + 2*n. Is -2 + (2500/z)/(1/(-3)) prime?
False
Suppose -12*w + 9*w = -495. Let b(q) = -2*q + 2. Let m be b(1). Suppose m = 2*v - 3*r - 0*r - w, 4*r - 447 = -5*v. Is v prime?
False
Let b = 58494 + -40282. Suppose -b = -14*c + 8766. Is c a prime number?
False
Let m be 4 + -2*2/(-2). Is m/((-4)/2) - -724 a composite number?
True
Let j(x) = -x**3 - 12*x**2 - 13*x - 21. Let u be j(-11). Is u/((-1756)/(-1754) - 1) prime?
True
Let o(i) = 8*i - 67. Let v be o(8). Let p(c) = -2830*c - 25. Is p(v) prime?
False
Let s(w) = -13*w + 1 + 4*w - 5 + 15*w**2 - 4. Let p be s(-7). Let k = p + -45. Is k composite?
True
Let h = -26 - -31. Is (-307)/3*(2 - h) composite?
False
Suppose 0 = 3*p - 7501 - 701. Is p a composite number?
True
Suppose -2320 = -19*a + 14*a. Suppose -3*j + 289 = -a. Is j a prime number?
True
Let o = 299 + -205. Is o a prime number?
False
Suppose -3*w - 3*h + 6*h = -33351, 55557 = 5*w + 2*h. Is w composite?
False
Suppose -4*j + 0*j = 36. Let v = -5 - j. Suppose 211 = v*z + 71. Is z a composite number?
True
Suppose -4*q - 1 - 4 = -g, q = -3*g + 15. Suppose -4*r + 2*i + 5106 = q, 5*i - 1282 = -2*r + r. Is r prime?
True
Let i = -6 - -8. Suppose -12 = -5*f + i*w + w, -4*w = 3*f + 16. Suppose 3*c - 18 - 3 = f. Is c composite?
False
Let a(s) = s**2 + 7*s - 14. Let v be a(-6). Is (-112)/(-4)*(-145)/v composite?
True
Is -2 + -13588*27/(-36) a prime number?
False
Let j(q) = -q**3 - 4*q**2 - 6. Let k be j(-4). Is 504 + (2/3)/((-4)/k) prime?
False
Suppose 0*q - 4*r - 14205 = -q, 5*q - 70975 = -5*r. Is q a prime number?
True
Let d(g) = -3*g**3 - 2*g**2 - 13*g - 41. Is d(-14) prime?
False
Let i(z) = 1 - 11*z + 5 + 60*z. Let q = -71 + 76. Is i(q) a composite number?
False
Let i(n) = 8*n**3 + n**2 - 2*n + 3. Let y(p) = p**3 + p**2 - p. Let z(v) = i(v) - 5*y(v). Is z(3) a prime number?
False
Suppose 0 = 8*o - 1464 - 2368. Let w = 702 - o. Is w a composite number?
False
Suppose -4*x + 8*x - 8 = 0. Suppose -x*w + a = -4 + 1, 3*w - 6 = a. Suppose -575 + 182 = -w*d. Is d composite?
False
Let j(m) = 471*m + 26. Let l(y) = -472*y - 25. Let d(g) = -3*j(g) - 2*l(g). Is d(-11) composite?
True
Let o(u) = -4*u**2 - 9*u + 4. Let v be o(4). Is (2 - v/(-42)) + (-4489)/(-7) a prime number?
True
Let t = 6 - 10. Is (-356)/(-12)*(t - -7) a composite number?
False
Let g(o) = -4393*o - 26. Is g(-3) composite?
True
Suppose -d = -2*d + 3*i + 63, 4*d - 308 = -2*i. Let l be 0*3/(-12) + d. Suppose k = 6*k - l. Is k prime?
False
Is -91 + 49841 + 9 + -2*1 a prime number?
True
Is 3 - (-1)/(5/17700) a composite number?
True
Let b(i) = 340*i - 1. Let f be (-182)/21 + (-2)/(-3). Let g be ((-20)/f)/((-5)/(-4)). Is b(g) a composite number?
True
Let w(n) = -11436*n + 191. Is w(-3) composite?
False
Let h(t) = 7*t - 74. Let i be h(10). Let a(d) = -40*d**3 + 5*d**2 - 5*d - 3. Is a(i) composite?
False
Suppose -2*b = 2*i, -i + 3*b + 28 = 3*i. Suppose -v - 1143 = -i*v. Is v a composite number?
True
Let o(l) = 68*l**2 - 9*l + 3. Let y be o(7). Suppose 4*a - 896 - y = 0. Is a a composite number?
True
Let q be 3510/14 - 6/(-21). Let g(r) = r**3 - 2*r**2 + 2*r + 2. Let t be g(-4). Let v = t + q. Is v a prime number?
True
Let n(t) = -t**3 - 15*t**2 + 16*t - 5. Let f(h) = h**3 - 5*h**2 - 4*h + 3. Let p be 2/3 - (-39)/9. Let o be f(p). Is n(o) a prime number?
False
Let f be 893522/56 + (-1)/(-4). Suppose 3*b = 4*n - f, -4*b + 6737 = 2*n - 1241. Is n a prime number?
True
Suppose 0 = 4*y - 2*a + 46, 5*a - 23 = 4*y + 20. Let z(j) = 328*j + 4 - 12 - 5 + 2*j**2 - 336*j. Is z(y) a prime number?
False
Let w be (-3)/4 + 19964/16 + -4. Let i = w - 872.